{"id":35,"date":"2023-07-03T12:07:13","date_gmt":"2023-07-03T10:07:13","guid":{"rendered":"https:\/\/juil3c.ateliersiteweb2.com\/?page_id=35"},"modified":"2023-07-17T16:37:05","modified_gmt":"2023-07-17T14:37:05","slug":"ligne-de-mire","status":"publish","type":"page","link":"https:\/\/www.t-raum.fr\/?page_id=35","title":{"rendered":"Aborder un projet"},"content":{"rendered":"\t\t<div data-elementor-type=\"wp-page\" data-elementor-id=\"35\" class=\"elementor elementor-35\">\n\t\t\t\t\t\t<section class=\"elementor-section elementor-top-section elementor-element elementor-element-8116157 elementor-section-boxed elementor-section-height-default elementor-section-height-default\" data-id=\"8116157\" data-element_type=\"section\" data-e-type=\"section\">\n\t\t\t\t\t\t<div class=\"elementor-container elementor-column-gap-default\">\n\t\t\t\t\t<div class=\"elementor-column elementor-col-100 elementor-top-column elementor-element elementor-element-239b04a\" data-id=\"239b04a\" data-element_type=\"column\" data-e-type=\"column\">\n\t\t\t<div class=\"elementor-widget-wrap elementor-element-populated\">\n\t\t\t\t\t\t<div class=\"elementor-element elementor-element-83119d9 elementor-widget elementor-widget-heading\" data-id=\"83119d9\" data-element_type=\"widget\" data-e-type=\"widget\" data-widget_type=\"heading.default\">\n\t\t\t\t<div class=\"elementor-widget-container\">\n\t\t\t\t\t<h2 class=\"elementor-heading-title elementor-size-default\">ABORDER UN PROJET<\/h2>\t\t\t\t<\/div>\n\t\t\t\t<\/div>\n\t\t\t\t<div class=\"elementor-element elementor-element-df6a032 elementor-widget elementor-widget-image\" data-id=\"df6a032\" data-element_type=\"widget\" data-e-type=\"widget\" data-widget_type=\"image.default\">\n\t\t\t\t<div class=\"elementor-widget-container\">\n\t\t\t\t\t\t\t\t\t\t\t\t\t\t\t<img fetchpriority=\"high\" decoding=\"async\" width=\"1024\" height=\"440\" src=\"https:\/\/www.t-raum.fr\/wp-content\/uploads\/2023\/07\/Grande-3D-1024x440.jpg\" class=\"attachment-large size-large wp-image-135\" alt=\"\" srcset=\"https:\/\/www.t-raum.fr\/wp-content\/uploads\/2023\/07\/Grande-3D-1024x440.jpg 1024w, https:\/\/www.t-raum.fr\/wp-content\/uploads\/2023\/07\/Grande-3D-300x129.jpg 300w, https:\/\/www.t-raum.fr\/wp-content\/uploads\/2023\/07\/Grande-3D-768x330.jpg 768w, https:\/\/www.t-raum.fr\/wp-content\/uploads\/2023\/07\/Grande-3D-1536x661.jpg 1536w, https:\/\/www.t-raum.fr\/wp-content\/uploads\/2023\/07\/Grande-3D-2048x881.jpg 2048w\" sizes=\"(max-width: 1024px) 100vw, 1024px\" \/>\t\t\t\t\t\t\t\t\t\t\t\t\t\t\t<\/div>\n\t\t\t\t<\/div>\n\t\t\t\t\t<\/div>\n\t\t<\/div>\n\t\t\t\t\t<\/div>\n\t\t<\/section>\n\t\t\t\t<section class=\"elementor-section elementor-top-section elementor-element elementor-element-374ef52 elementor-section-boxed elementor-section-height-default elementor-section-height-default\" data-id=\"374ef52\" data-element_type=\"section\" data-e-type=\"section\">\n\t\t\t\t\t\t<div class=\"elementor-container elementor-column-gap-default\">\n\t\t\t\t\t<div class=\"elementor-column elementor-col-50 elementor-top-column elementor-element elementor-element-b06d627\" data-id=\"b06d627\" data-element_type=\"column\" data-e-type=\"column\">\n\t\t\t<div class=\"elementor-widget-wrap elementor-element-populated\">\n\t\t\t\t\t\t<div class=\"elementor-element elementor-element-fff1fb0 elementor-widget elementor-widget-text-editor\" data-id=\"fff1fb0\" data-element_type=\"widget\" data-e-type=\"widget\" data-widget_type=\"text-editor.default\">\n\t\t\t\t<div class=\"elementor-widget-container\">\n\t\t\t\t\t\t\t\t\t<p>Par une approche globale du site : le relev\u00e9, l&rsquo;approche sensible, la recherche historique et le dialogue avec les acteurs du lieu, nous proposons \u00e0 nos clients de compl\u00e9ter leur regard sur leur projet.\u00a0<\/p>\t\t\t\t\t\t\t\t<\/div>\n\t\t\t\t<\/div>\n\t\t\t\t\t<\/div>\n\t\t<\/div>\n\t\t\t\t<div class=\"elementor-column elementor-col-50 elementor-top-column elementor-element elementor-element-7d4dafc\" data-id=\"7d4dafc\" data-element_type=\"column\" data-e-type=\"column\">\n\t\t\t<div class=\"elementor-widget-wrap elementor-element-populated\">\n\t\t\t\t\t\t<div class=\"elementor-element elementor-element-081dca8 elementor-widget elementor-widget-text-editor\" data-id=\"081dca8\" data-element_type=\"widget\" data-e-type=\"widget\" data-widget_type=\"text-editor.default\">\n\t\t\t\t<div class=\"elementor-widget-container\">\n\t\t\t\t\t\t\t\t\t<p>Le projet d\u00e9velopp\u00e9 ensuite s&rsquo;attache aux demandes du client tout en l&rsquo;enrichissant de nos comp\u00e9tences pour apporter de l&rsquo;expertise, du savoir faire, trouver les relais administratifs appropri\u00e9s ou interlocuteurs compl\u00e9mentaires. Nous mettons notre connaissance du domaine de la construction \u00e0 votre service !<\/p>\t\t\t\t\t\t\t\t<\/div>\n\t\t\t\t<\/div>\n\t\t\t\t\t<\/div>\n\t\t<\/div>\n\t\t\t\t\t<\/div>\n\t\t<\/section>\n\t\t\t\t<\/div>\n\t\t","protected":false},"excerpt":{"rendered":"<p>ABORDER UN PROJET Par une approche globale du site : le relev\u00e9, l&rsquo;approche sensible, la recherche historique et le dialogue avec les acteurs du lieu, nous proposons \u00e0 nos clients de compl\u00e9ter leur regard sur leur projet.\u00a0 Le projet d\u00e9velopp\u00e9 ensuite s&rsquo;attache aux demandes du client tout en l&rsquo;enrichissant de nos comp\u00e9tences pour apporter de [&hellip;]<\/p>\n","protected":false},"author":1,"featured_media":0,"parent":0,"menu_order":0,"comment_status":"closed","ping_status":"closed","template":"","meta":{"footnotes":""},"class_list":["post-35","page","type-page","status-publish","hentry","entry"],"_links":{"self":[{"href":"https:\/\/www.t-raum.fr\/index.php?rest_route=\/wp\/v2\/pages\/35","targetHints":{"allow":["GET"]}}],"collection":[{"href":"https:\/\/www.t-raum.fr\/index.php?rest_route=\/wp\/v2\/pages"}],"about":[{"href":"https:\/\/www.t-raum.fr\/index.php?rest_route=\/wp\/v2\/types\/page"}],"author":[{"embeddable":true,"href":"https:\/\/www.t-raum.fr\/index.php?rest_route=\/wp\/v2\/users\/1"}],"replies":[{"embeddable":true,"href":"https:\/\/www.t-raum.fr\/index.php?rest_route=%2Fwp%2Fv2%2Fcomments&post=35"}],"version-history":[{"count":14,"href":"https:\/\/www.t-raum.fr\/index.php?rest_route=\/wp\/v2\/pages\/35\/revisions"}],"predecessor-version":[{"id":245,"href":"https:\/\/www.t-raum.fr\/index.php?rest_route=\/wp\/v2\/pages\/35\/revisions\/245"}],"wp:attachment":[{"href":"https:\/\/www.t-raum.fr\/index.php?rest_route=%2Fwp%2Fv2%2Fmedia&parent=35"}],"curies":[{"name":"wp","href":"https:\/\/api.w.org\/{rel}","templated":true}]}}